{"id":2,"date":"2015-01-29T19:29:09","date_gmt":"2015-01-29T19:29:09","guid":{"rendered":"http:\/\/privatpraxis-dr-oelsner.de.w012dbbd.kasserver.com\/?page_id=2"},"modified":"2024-08-08T11:35:19","modified_gmt":"2024-08-08T11:35:19","slug":"beispiel-seite","status":"publish","type":"page","link":"https:\/\/privatpraxis-dr-oelsner.de\/","title":{"rendered":"Herzlich Willkommen"},"content":{"rendered":"<div class=\"wp-block-image\">\n<figure class=\"alignright size-large\"><img loading=\"lazy\" decoding=\"async\" width=\"250\" height=\"344\" src=\"http:\/\/privatpraxis-dr-oelsner.de\/wp-content\/uploads\/2020\/09\/hausd2-2.png\" alt=\"\" class=\"wp-image-464\" srcset=\"https:\/\/privatpraxis-dr-oelsner.de\/wp-content\/uploads\/2020\/09\/hausd2-2.png 250w, https:\/\/privatpraxis-dr-oelsner.de\/wp-content\/uploads\/2020\/09\/hausd2-2-218x300.png 218w\" sizes=\"auto, (max-width: 250px) 100vw, 250px\" \/><\/figure>\n<\/div>\n\n<div class=\"wp-block-image\">\n<figure class=\"alignleft size-full\"><a href=\"https:\/\/privatpraxis-dr-oelsner.de\/wp-content\/uploads\/2015\/01\/bild_small.png\"><img loading=\"lazy\" decoding=\"async\" width=\"150\" height=\"150\" src=\"https:\/\/privatpraxis-dr-oelsner.de\/wp-content\/uploads\/2015\/01\/bild_small.png\" alt=\"\" class=\"wp-image-133\"\/><\/a><\/figure>\n<\/div>\n\n\n<p>Ich freue mich, dass Sie den Weg zur Webseite meiner Privatpraxis in Naumburg\/Saale gefunden haben. Ich bin <strong>Psychologischer Psychotherapeut<\/strong> mit Fachkunde in <strong>Verhaltenstherapie. <\/strong><\/p>\n\n\n\n<p>Bei mir haben Sie die M\u00f6glichkeit <strong>diagnostische Abkl\u00e4rung, Psychotherapie, Beratung, Betreuung und\/oder Coaching&nbsp;<\/strong> bei individuellen-, sozialen- und Partnerschaftsproblemen&nbsp; sowie psychischen Erkrankungen zu erhalten. Die Behandlungen erfolgen nach dem aktuellsten Stand der wissenschaftlichen Forschung der Klinischen Psychologie in einem jeweils angemessenen Zeitrahmen (Kurzzeit bzw. Langzeittherapie). Der Behandlungsfortschritt und die Beziehungsqualit\u00e4t werden im Behandlungsverlauf kontinuierlich gepr\u00fcft, um einen maximalen Behandlungserfolg zu gew\u00e4hrleisten.<\/p>\n\n\n\n<div class=\"wp-block-group\"><div class=\"wp-block-group__inner-container is-layout-flow wp-block-group-is-layout-flow\"><\/div><\/div>\n\n\n\n<p>Ich bin Mitglied der Deutschen Psychotherapeutenvereinigung und der Ostdeutschen Psychotherapeutenkammer.<\/p>\n\n\n\n<figure class=\"wp-block-image size-full\"><a href=\"https:\/\/privatpraxis-dr-oelsner.de\/wp-content\/uploads\/2024\/08\/mitgliedschaften.png\"><img loading=\"lazy\" decoding=\"async\" width=\"660\" height=\"80\" src=\"https:\/\/privatpraxis-dr-oelsner.de\/wp-content\/uploads\/2024\/08\/mitgliedschaften.png\" alt=\"\" class=\"wp-image-649\" srcset=\"https:\/\/privatpraxis-dr-oelsner.de\/wp-content\/uploads\/2024\/08\/mitgliedschaften.png 660w, https:\/\/privatpraxis-dr-oelsner.de\/wp-content\/uploads\/2024\/08\/mitgliedschaften-300x36.png 300w\" sizes=\"auto, (max-width: 660px) 100vw, 660px\" \/><\/a><\/figure>\n\n\n\n<p>Bei Interesse rufen Sie mich an oder schreiben Sie mir bitte: <a href=\"https:\/\/privatpraxis-dr-oelsner.de\/?page_id=63\"><em>weiterlesen &#8230;<\/em><\/a><\/p>\n","protected":false},"excerpt":{"rendered":"<p>Ich freue mich, dass Sie den Weg zur Webseite meiner Privatpraxis in Naumburg\/Saale gefunden haben. Ich bin Psychologischer Psychotherapeut mit Fachkunde in Verhaltenstherapie. Bei mir haben Sie die M\u00f6glichkeit diagnostische Abkl\u00e4rung, Psychotherapie, Beratung, Betreuung und\/oder Coaching&nbsp; bei individuellen-, sozialen- und Partnerschaftsproblemen&nbsp; sowie psychischen Erkrankungen zu erhalten. Die Behandlungen erfolgen nach dem aktuellsten Stand der wissenschaftlichen<a class=\"read-more \" href=\"https:\/\/privatpraxis-dr-oelsner.de\/\" title=\"Read More\"> <span class=\"button default\">Read More<\/span><\/a><\/p>\n","protected":false},"author":1,"featured_media":0,"parent":0,"menu_order":1,"comment_status":"closed","ping_status":"closed","template":"","meta":{"footnotes":""},"class_list":["post-2","page","type-page","status-publish","hentry"],"_links":{"self":[{"href":"https:\/\/privatpraxis-dr-oelsner.de\/index.php?rest_route=\/wp\/v2\/pages\/2","targetHints":{"allow":["GET"]}}],"collection":[{"href":"https:\/\/privatpraxis-dr-oelsner.de\/index.php?rest_route=\/wp\/v2\/pages"}],"about":[{"href":"https:\/\/privatpraxis-dr-oelsner.de\/index.php?rest_route=\/wp\/v2\/types\/page"}],"author":[{"embeddable":true,"href":"https:\/\/privatpraxis-dr-oelsner.de\/index.php?rest_route=\/wp\/v2\/users\/1"}],"replies":[{"embeddable":true,"href":"https:\/\/privatpraxis-dr-oelsner.de\/index.php?rest_route=%2Fwp%2Fv2%2Fcomments&post=2"}],"version-history":[{"count":47,"href":"https:\/\/privatpraxis-dr-oelsner.de\/index.php?rest_route=\/wp\/v2\/pages\/2\/revisions"}],"predecessor-version":[{"id":650,"href":"https:\/\/privatpraxis-dr-oelsner.de\/index.php?rest_route=\/wp\/v2\/pages\/2\/revisions\/650"}],"wp:attachment":[{"href":"https:\/\/privatpraxis-dr-oelsner.de\/index.php?rest_route=%2Fwp%2Fv2%2Fmedia&parent=2"}],"curies":[{"name":"wp","href":"https:\/\/api.w.org\/{rel}","templated":true}]}}